
	
{"id":4654,"date":"2022-06-25T18:45:44","date_gmt":"2022-06-25T16:45:44","guid":{"rendered":"https:\/\/www.cresta.ch\/?page_id=4654"},"modified":"2024-04-30T16:00:12","modified_gmt":"2024-04-30T14:00:12","slug":"kurzpauschale-cresta-zum-kennenlernen","status":"publish","type":"page","link":"https:\/\/www.cresta.ch\/fr\/preise\/kurzpauschale-cresta-zum-kennenlernen\/","title":{"rendered":"Forfaits d&rsquo;\u00e9t\u00e9"},"content":{"rendered":"<p><\/p>\n<h1><img loading=\"lazy\" decoding=\"async\" class=\"aligncenter wp-image-5398 size-full\" src=\"https:\/\/www.cresta.ch\/wp-content\/uploads\/2022\/04\/Pool_Garten_Hotel_Cresta_Flims_Hauptfoto_Sommer22.jpg\" alt=\"\" width=\"800\" height=\"600\" srcset=\"https:\/\/www.cresta.ch\/wp-content\/uploads\/2022\/04\/Pool_Garten_Hotel_Cresta_Flims_Hauptfoto_Sommer22.jpg 800w, https:\/\/www.cresta.ch\/wp-content\/uploads\/2022\/04\/Pool_Garten_Hotel_Cresta_Flims_Hauptfoto_Sommer22-300x225.jpg 300w, https:\/\/www.cresta.ch\/wp-content\/uploads\/2022\/04\/Pool_Garten_Hotel_Cresta_Flims_Hauptfoto_Sommer22-768x576.jpg 768w, https:\/\/www.cresta.ch\/wp-content\/uploads\/2022\/04\/Pool_Garten_Hotel_Cresta_Flims_Hauptfoto_Sommer22-600x450.jpg 600w, https:\/\/www.cresta.ch\/wp-content\/uploads\/2022\/04\/Pool_Garten_Hotel_Cresta_Flims_Hauptfoto_Sommer22-250x188.jpg 250w\" sizes=\"auto, (max-width: 800px) 100vw, 800px\" \/>D\u00e9couvrez Cresta &#8211; r\u00e9servez en ligne notre forfait court<\/h1>\n<p>Notre forfait court offre tout ce dont vous avez besoin pour un court s\u00e9jour en montagne. D\u00e9tente dans l&rsquo;espace bien-\u00eatre, d\u00e9gustation du menu du soir et service cordial de notre \u00e9quipe. R\u00e9servez d\u00e8s maintenant via notre syst\u00e8me de r\u00e9servation en ligne (cliquez sur l&rsquo;onglet Offres dans la section disponibilit\u00e9).<\/p>\n<ul>\n<li><strong>Deux nuits avec petit-d\u00e9jeuner de notre riche buffet<\/strong><\/li>\n<li><strong>1 d\u00eener dans le cadre de notre demi-pension<\/strong><\/li>\n<li><strong>Utilisation de notre spacieux espace bien-\u00eatre \u00ab\u00a0Auas Sparsas\u00a0\u00bb<\/strong><\/li>\n<\/ul>\n<p><strong>\u00e0 partir de CHF 399.00<\/strong> pour deux personnes en chambre double standard ou <strong>\u00e0 partir de CHF 230.00<\/strong> pour une personne en chambre simple standard<\/p>\n<p>(Disponibilit\u00e9 limit\u00e9e et r\u00e9servation en ligne uniquement \u00e0 certaines dates)<\/p>","protected":false},"excerpt":{"rendered":"<p>D\u00e9couvrez Cresta &#8211; r\u00e9servez en ligne notre forfait court Notre forfait court offre tout ce dont vous avez besoin pour un court s\u00e9jour en montagne. D\u00e9tente dans l&rsquo;espace bien-\u00eatre, d\u00e9gustation du menu du soir et service cordial de notre \u00e9quipe. R\u00e9servez d\u00e8s maintenant via notre syst\u00e8me de r\u00e9servation en ligne (cliquez sur l&rsquo;onglet Offres dans&#8230;  <a class=\"excerpt-read-more\" href=\"https:\/\/www.cresta.ch\/fr\/preise\/kurzpauschale-cresta-zum-kennenlernen\/\" title=\"Read Forfaits d&rsquo;\u00e9t\u00e9\">Read more &raquo;<\/a><\/p>\n","protected":false},"author":2,"featured_media":0,"parent":41,"menu_order":9,"comment_status":"closed","ping_status":"closed","template":"","meta":{"ngg_post_thumbnail":0,"footnotes":"","_links_to":"","_links_to_target":""},"class_list":["post-4654","page","type-page","status-publish","hentry"],"_links":{"self":[{"href":"https:\/\/www.cresta.ch\/fr\/wp-json\/wp\/v2\/pages\/4654","targetHints":{"allow":["GET"]}}],"collection":[{"href":"https:\/\/www.cresta.ch\/fr\/wp-json\/wp\/v2\/pages"}],"about":[{"href":"https:\/\/www.cresta.ch\/fr\/wp-json\/wp\/v2\/types\/page"}],"author":[{"embeddable":true,"href":"https:\/\/www.cresta.ch\/fr\/wp-json\/wp\/v2\/users\/2"}],"replies":[{"embeddable":true,"href":"https:\/\/www.cresta.ch\/fr\/wp-json\/wp\/v2\/comments?post=4654"}],"version-history":[{"count":5,"href":"https:\/\/www.cresta.ch\/fr\/wp-json\/wp\/v2\/pages\/4654\/revisions"}],"predecessor-version":[{"id":6052,"href":"https:\/\/www.cresta.ch\/fr\/wp-json\/wp\/v2\/pages\/4654\/revisions\/6052"}],"up":[{"embeddable":true,"href":"https:\/\/www.cresta.ch\/fr\/wp-json\/wp\/v2\/pages\/41"}],"wp:attachment":[{"href":"https:\/\/www.cresta.ch\/fr\/wp-json\/wp\/v2\/media?parent=4654"}],"curies":[{"name":"wp","href":"https:\/\/api.w.org\/{rel}","templated":true}]}}

Forfaits d&rsquo;été

<p></p>
<h1><img loading="lazy" decoding="async" class="aligncenter wp-image-5398 size-full" src="https://www.cresta.ch/wp-content/uploads/2022/04/Pool_Garten_Hotel_Cresta_Flims_Hauptfoto_Sommer22.jpg" alt="" width="800" height="600" srcset="https://www.cresta.ch/wp-content/uploads/2022/04/Pool_Garten_Hotel_Cresta_Flims_Hauptfoto_Sommer22.jpg 800w, https://www.cresta.ch/wp-content/uploads/2022/04/Pool_Garten_Hotel_Cresta_Flims_Hauptfoto_Sommer22-300x225.jpg 300w, https://www.cresta.ch/wp-content/uploads/2022/04/Pool_Garten_Hotel_Cresta_Flims_Hauptfoto_Sommer22-768x576.jpg 768w, https://www.cresta.ch/wp-content/uploads/2022/04/Pool_Garten_Hotel_Cresta_Flims_Hauptfoto_Sommer22-600x450.jpg 600w, https://www.cresta.ch/wp-content/uploads/2022/04/Pool_Garten_Hotel_Cresta_Flims_Hauptfoto_Sommer22-250x188.jpg 250w" sizes="auto, (max-width: 800px) 100vw, 800px" />Découvrez Cresta &#8211; réservez en ligne notre forfait court</h1>
<p>Notre forfait court offre tout ce dont vous avez besoin pour un court séjour en montagne. Détente dans l&rsquo;espace bien-être, dégustation du menu du soir et service cordial de notre équipe. Réservez dès maintenant via notre système de réservation en ligne (cliquez sur l&rsquo;onglet Offres dans la section disponibilité).</p>
<ul>
<li><strong>Deux nuits avec petit-déjeuner de notre riche buffet</strong></li>
<li><strong>1 dîner dans le cadre de notre demi-pension</strong></li>
<li><strong>Utilisation de notre spacieux espace bien-être « Auas Sparsas »</strong></li>
</ul>
<p><strong>à partir de CHF 399.00</strong> pour deux personnes en chambre double standard ou <strong>à partir de CHF 230.00</strong> pour une personne en chambre simple standard</p>
<p>(Disponibilité limitée et réservation en ligne uniquement à certaines dates)</p>

<p>Découvrez Cresta &#8211; réservez en ligne notre forfait court Notre forfait court offre tout ce dont vous avez besoin pour un court séjour en montagne. Détente dans l&rsquo;espace bien-être, dégustation du menu du soir et service cordial de notre équipe. Réservez dès maintenant via notre système de réservation en ligne (cliquez sur l&rsquo;onglet Offres dans&#8230;  <a class="excerpt-read-more" href="https://www.cresta.ch/fr/preise/kurzpauschale-cresta-zum-kennenlernen/" title="Read Forfaits d&rsquo;été">Read more &raquo;</a></p>
