
	
{"id":721,"date":"2022-06-22T12:55:23","date_gmt":"2022-06-22T10:55:23","guid":{"rendered":"http:\/\/web616.login-15.loginserver.ch\/?page_id=721"},"modified":"2022-06-26T17:54:45","modified_gmt":"2022-06-26T15:54:45","slug":"sommer","status":"publish","type":"page","link":"https:\/\/www.cresta.ch\/fr\/region\/sommer\/","title":{"rendered":"\u00c9t\u00e9 \u00e0 Flims"},"content":{"rendered":"<p><\/p>\n<h1>\u00c9t\u00e9<\/h1>\n<p>Que vous alliez vous promener, faire de l\u2019escalade, du v\u00e9lo, que vous alliez vous baigner ou simplement laisser vos pens\u00e9es vagabonder par del\u00e0 les montagnes, l\u2019\u00e9t\u00e9 \u00e0 Flims vous offre de nombreuses possibilit\u00e9s. Le lac Cauma, bien connu pour sa couleur bleu-turquoise ne se trouve qu\u2019\u00e0 15 minutes \u00e0 pied de l\u2019h\u00f4tel Cresta. D\u2019autres lieux de baignades, tels que le lac Cresta ou le lac de Laax vous invitent \u00e9galment \u00e0 venir nager.. Depuis 2008, une partie de la chaine montagneuse de Flims, le haut lieu tectonique suisse Sardona, est class\u00e9e au patrimoine mondial de l\u2019UNESCO. Un point de d\u00e9part id\u00e9al pour des randonn\u00e9es impressionantes \u00e0 pied ou en mountain bike. Les gorges du Rhin \u201eRuinaulta\u201c, appel\u00e9es aussi le Grand Canyon suisse, une autre merveille de la nature, vous permettra non seulement de vous balader mais aussi de descendre la rivi\u00e8re de Ilanz \u00e0 Reichenau en cano\u00eb ou en rafting. Pour les plus petits, Ami Sabi, l\u2019ami des animaux et de la for\u00eat, propose son royaume enchant\u00e9\u2026L\u2019\u00e9t\u00e9 \u00e0 Flims est fait de d\u00e9couvertes passionnantes!<\/p>\n<p><a href=\"https:\/\/www.flims.com\" target=\"_blank\" rel=\"noopener\">www.flims.com<\/a><\/p>\n<h2>Randonn\u00e9es<\/h2>\n<p>A travers monts et vall\u00e9es, au sommet des montagnes, par les bois, en passant par les lacs de montagne, les randonn\u00e9es \u00e0 Flims Laax Falera resteront pour vous une exp\u00e9rience inoubliable. Le trail culinaire, le sentier des plan\u00e8tes, les chemins p\u00e9destres g\u00e9ologiques ne sont que quelques exemples des chemins \u00e0 th\u00e8me de la r\u00e9gion. Notre recommandation pour vous: le \u201e<a title=\"Trutg dil Flem\" href=\"https:\/\/www.flims.com\/de\/natur\/wasserweg-flims\/\" target=\"_blank\" rel=\"noopener noreferrer\">Trutg dil Flem<\/a>\u201c, sentier qui part de la source de la rivi\u00e8re Flem (sur la plaine sup\u00e9rieure de Segnes) et vous conduit \u00e0 Flims en passant par 7 ponts, dont celui \u00e9rig\u00e9 par le c\u00e9l\u00e8bre constructeur de ponts J\u00fcrg Conzett.<\/p>\n<p><a title=\"Wanderideen\" href=\"https:\/\/www.flims.com\/de\/aktivitaeten\/wandern\/wanderregion\/\" target=\"_blank\" rel=\"noopener noreferrer\">Autres id\u00e9es de randonn\u00e9es<\/a><\/p>\n<h2>Mountain bike<\/h2>\n<p>Les quelques 330 kilom\u00e8tres de pistes cyclables de Flims Laax Falera sont un bonheur pour les amateurs d\u2019aventure \u00e0 deux roues! Chacun y trouve son compte: des pistes faciles pour les familles et les d\u00e9butants aux tours plus difficiles en passant par les pistes Downhill\u2026Beaucoup de chemins sont \u00e9galement praticables pour les E-Bike, ce qui rend les mont\u00e9es plus agr\u00e9ables! Les remont\u00e9es m\u00e9caniques Flims-Foppa et Foppa-Naraus vous offrent la possibilit\u00e9 de transporter votre v\u00e9lo.<\/p>\n<p><a title=\"Biken\" href=\"https:\/\/www.flims.com\/de\/biken\/\" target=\"_blank\" rel=\"noopener noreferrer\">Plus d&rsquo;infos et de propositions de randonn\u00e9es \u00e0 v\u00e9lo<\/a><\/p>\n<h2>Patrimoine mondial de l&rsquo;UNESCO, Haut lieu tectonique Sardona<\/h2>\n<p>En 2008, le Haut lieu tectonique Sardona a \u00e9t\u00e9 class\u00e9 au patrimoine mondial de l\u2019UNESCO. Aucun autre endroit au monde ne permet aussi bien de comprendre le ph\u00e9nom\u00e8ne de la tectonique des plaques (chevauchement) et le processus de la formation des montagnes.<\/p>\n<p>Le Martinsloch et les Tschingelh\u00f6rner font \u00e9galement partie de ce patrimoine fascinant. Deux fois par ann\u00e9e, en mars et en octobre, le soleil passe \u00e0 travers le Martinsloch et \u00e9claire le clocher de l\u2019\u00e9glise de Elm.<\/p>\n<p><a title=\"Sardona\" href=\"https:\/\/www.swissworld.org\/fr\/switzerland\/dossiers\/unesco\/haut_lieu_tectonique_sardona\/\" target=\"_blank\" rel=\"noopener noreferrer\">D&rsquo;autres infos au sujet du Haut lieu tectonique Sardona<\/a><\/p>\n<h2>Ruinaulta<\/h2>\n<p>Pendant des si\u00e8cles, le Rhin a creus\u00e9 son chemin \u00e0 travers les roches de gr\u00e8s et form\u00e9 les gorges du Rhin, la \u201eRuinaulta\u201c, nomm\u00e9es aussi \u00e0 juste titre le grand Canyon suisse. En effet, le cours sinueux de la rivi\u00e8re et les hautes parois rocheuses qui l\u2019entourent (les Ruinas) et qui peuvent atteindre 300 m\u00e8tres de hauteur ne vont pas sans rappeler le fameux Canyon aux USA. Vous pouvez parcourir ces gorges sur un tr\u00e8s bon sentier p\u00e9destre et admirer la vue magnifique \u00e0 partir de nombreux points de vue. Des places pour faire des grillades sont aussi \u00e0 disposition pour vous permettre de vous reposer. La plate-forme panoramique \u201eIl Spir\u201c \u00e0 Conn est atteignable en 45 minutes \u00e0 pied de l\u2019h\u00f4tel Cresta et vous offre une vue \u00e9poustouflante! Il est possible aussi de descendre les gorges en cano\u00eb ou en rafting, des tours organis\u00e9s sont \u00e0 disposition.<\/p>\n<p><a title=\"Gorge du Rhin\" href=\"https:\/\/www.rheinschlucht.ch\/fr.cfm\/reserver\/offres\/raiffeisen\/offer-Raiffeisen_Angebot-Ausflugstipps-316832.html\" target=\"_blank\" rel=\"noopener noreferrer\">Plus d&rsquo;infos sur les gorges du Rhin<\/a><\/p>\n<p>&nbsp;<\/p>","protected":false},"excerpt":{"rendered":"<p>\u00c9t\u00e9 Que vous alliez vous promener, faire de l\u2019escalade, du v\u00e9lo, que vous alliez vous baigner ou simplement laisser vos pens\u00e9es vagabonder par del\u00e0 les montagnes, l\u2019\u00e9t\u00e9 \u00e0 Flims vous offre de nombreuses possibilit\u00e9s. Le lac Cauma, bien connu pour sa couleur bleu-turquoise ne se trouve qu\u2019\u00e0 15 minutes \u00e0 pied de l\u2019h\u00f4tel Cresta. D\u2019autres&#8230;  <a class=\"excerpt-read-more\" href=\"https:\/\/www.cresta.ch\/fr\/region\/sommer\/\" title=\"Read \u00c9t\u00e9 \u00e0 Flims\">Read more &raquo;<\/a><\/p>\n","protected":false},"author":1,"featured_media":0,"parent":15,"menu_order":23,"comment_status":"open","ping_status":"open","template":"tp-region.php","meta":{"ngg_post_thumbnail":0,"footnotes":"","_links_to":"","_links_to_target":""},"class_list":["post-721","page","type-page","status-publish","hentry"],"_links":{"self":[{"href":"https:\/\/www.cresta.ch\/fr\/wp-json\/wp\/v2\/pages\/721","targetHints":{"allow":["GET"]}}],"collection":[{"href":"https:\/\/www.cresta.ch\/fr\/wp-json\/wp\/v2\/pages"}],"about":[{"href":"https:\/\/www.cresta.ch\/fr\/wp-json\/wp\/v2\/types\/page"}],"author":[{"embeddable":true,"href":"https:\/\/www.cresta.ch\/fr\/wp-json\/wp\/v2\/users\/1"}],"replies":[{"embeddable":true,"href":"https:\/\/www.cresta.ch\/fr\/wp-json\/wp\/v2\/comments?post=721"}],"version-history":[{"count":5,"href":"https:\/\/www.cresta.ch\/fr\/wp-json\/wp\/v2\/pages\/721\/revisions"}],"predecessor-version":[{"id":4983,"href":"https:\/\/www.cresta.ch\/fr\/wp-json\/wp\/v2\/pages\/721\/revisions\/4983"}],"up":[{"embeddable":true,"href":"https:\/\/www.cresta.ch\/fr\/wp-json\/wp\/v2\/pages\/15"}],"wp:attachment":[{"href":"https:\/\/www.cresta.ch\/fr\/wp-json\/wp\/v2\/media?parent=721"}],"curies":[{"name":"wp","href":"https:\/\/api.w.org\/{rel}","templated":true}]}}

Été à Flims

<p></p>
<h1>Été</h1>
<p>Que vous alliez vous promener, faire de l’escalade, du vélo, que vous alliez vous baigner ou simplement laisser vos pensées vagabonder par delà les montagnes, l’été à Flims vous offre de nombreuses possibilités. Le lac Cauma, bien connu pour sa couleur bleu-turquoise ne se trouve qu’à 15 minutes à pied de l’hôtel Cresta. D’autres lieux de baignades, tels que le lac Cresta ou le lac de Laax vous invitent égalment à venir nager.. Depuis 2008, une partie de la chaine montagneuse de Flims, le haut lieu tectonique suisse Sardona, est classée au patrimoine mondial de l’UNESCO. Un point de départ idéal pour des randonnées impressionantes à pied ou en mountain bike. Les gorges du Rhin „Ruinaulta“, appelées aussi le Grand Canyon suisse, une autre merveille de la nature, vous permettra non seulement de vous balader mais aussi de descendre la rivière de Ilanz à Reichenau en canoë ou en rafting. Pour les plus petits, Ami Sabi, l’ami des animaux et de la forêt, propose son royaume enchanté…L’été à Flims est fait de découvertes passionnantes!</p>
<p><a href="https://www.flims.com" target="_blank" rel="noopener">www.flims.com</a></p>
<h2>Randonnées</h2>
<p>A travers monts et vallées, au sommet des montagnes, par les bois, en passant par les lacs de montagne, les randonnées à Flims Laax Falera resteront pour vous une expérience inoubliable. Le trail culinaire, le sentier des planètes, les chemins pédestres géologiques ne sont que quelques exemples des chemins à thème de la région. Notre recommandation pour vous: le „<a title="Trutg dil Flem" href="https://www.flims.com/de/natur/wasserweg-flims/" target="_blank" rel="noopener noreferrer">Trutg dil Flem</a>“, sentier qui part de la source de la rivière Flem (sur la plaine supérieure de Segnes) et vous conduit à Flims en passant par 7 ponts, dont celui érigé par le célèbre constructeur de ponts Jürg Conzett.</p>
<p><a title="Wanderideen" href="https://www.flims.com/de/aktivitaeten/wandern/wanderregion/" target="_blank" rel="noopener noreferrer">Autres idées de randonnées</a></p>
<h2>Mountain bike</h2>
<p>Les quelques 330 kilomètres de pistes cyclables de Flims Laax Falera sont un bonheur pour les amateurs d’aventure à deux roues! Chacun y trouve son compte: des pistes faciles pour les familles et les débutants aux tours plus difficiles en passant par les pistes Downhill…Beaucoup de chemins sont également praticables pour les E-Bike, ce qui rend les montées plus agréables! Les remontées mécaniques Flims-Foppa et Foppa-Naraus vous offrent la possibilité de transporter votre vélo.</p>
<p><a title="Biken" href="https://www.flims.com/de/biken/" target="_blank" rel="noopener noreferrer">Plus d&rsquo;infos et de propositions de randonnées à vélo</a></p>
<h2>Patrimoine mondial de l&rsquo;UNESCO, Haut lieu tectonique Sardona</h2>
<p>En 2008, le Haut lieu tectonique Sardona a été classé au patrimoine mondial de l’UNESCO. Aucun autre endroit au monde ne permet aussi bien de comprendre le phénomène de la tectonique des plaques (chevauchement) et le processus de la formation des montagnes.</p>
<p>Le Martinsloch et les Tschingelhörner font également partie de ce patrimoine fascinant. Deux fois par année, en mars et en octobre, le soleil passe à travers le Martinsloch et éclaire le clocher de l’église de Elm.</p>
<p><a title="Sardona" href="https://www.swissworld.org/fr/switzerland/dossiers/unesco/haut_lieu_tectonique_sardona/" target="_blank" rel="noopener noreferrer">D&rsquo;autres infos au sujet du Haut lieu tectonique Sardona</a></p>
<h2>Ruinaulta</h2>
<p>Pendant des siècles, le Rhin a creusé son chemin à travers les roches de grès et formé les gorges du Rhin, la „Ruinaulta“, nommées aussi à juste titre le grand Canyon suisse. En effet, le cours sinueux de la rivière et les hautes parois rocheuses qui l’entourent (les Ruinas) et qui peuvent atteindre 300 mètres de hauteur ne vont pas sans rappeler le fameux Canyon aux USA. Vous pouvez parcourir ces gorges sur un très bon sentier pédestre et admirer la vue magnifique à partir de nombreux points de vue. Des places pour faire des grillades sont aussi à disposition pour vous permettre de vous reposer. La plate-forme panoramique „Il Spir“ à Conn est atteignable en 45 minutes à pied de l’hôtel Cresta et vous offre une vue époustouflante! Il est possible aussi de descendre les gorges en canoë ou en rafting, des tours organisés sont à disposition.</p>
<p><a title="Gorge du Rhin" href="https://www.rheinschlucht.ch/fr.cfm/reserver/offres/raiffeisen/offer-Raiffeisen_Angebot-Ausflugstipps-316832.html" target="_blank" rel="noopener noreferrer">Plus d&rsquo;infos sur les gorges du Rhin</a></p>
<p>&nbsp;</p>

<p>Été Que vous alliez vous promener, faire de l’escalade, du vélo, que vous alliez vous baigner ou simplement laisser vos pensées vagabonder par delà les montagnes, l’été à Flims vous offre de nombreuses possibilités. Le lac Cauma, bien connu pour sa couleur bleu-turquoise ne se trouve qu’à 15 minutes à pied de l’hôtel Cresta. D’autres&#8230;  <a class="excerpt-read-more" href="https://www.cresta.ch/fr/region/sommer/" title="Read Été à Flims">Read more &raquo;</a></p>
